8.
2, 47, 71
List the prime factors of 60674.
2, 23, 1319
What are the prime factors of 3290?
2, 5, 7, 47
List the prime factors of 1579.
1579
What are the prime factors of 6371?
23, 277
List the prime factors of 4911.
3, 1637
What are the prime factors of 2104?
2, 263
What are the prime factors of 41420?
2, 5, 19, 109
What are the prime factors of 121563?
3, 13, 1039
List the prime factors of 8622.
2, 3, 479
List the prime factors of 6143.
6143
List the prime factors of 2885.
5, 577
What are the prime factors of 23036?
2, 13, 443
What are the prime factors of 26084?
2, 6521
What are the prime factors of 819?
3, 7, 13
What are the prime factors of 10740?
2, 3, 5, 179
What are the prime factors of 1186?
2, 593
List the prime factors of 115307.
67, 1721
What are the prime factors of 2301?
3, 13, 59
List the prime factors of 573.
3, 191
List the prime factors of 7326.
2, 3, 11, 37
List the prime factors of 232.
2, 29
List the prime factors of 8255.
5, 13, 127
List the prime factors of 1492.
2, 373
List the prime factors of 16589.
53, 313
List the prime factors of 3198.
2, 3, 13, 41
What are the prime factors of 2173?
41, 53
List the prime factors of 9116.
2, 43, 53
What are the prime factors of 424?
2, 53
What are the prime factors of 11190?
2, 3, 5, 373
List the prime factors of 5122.
2, 13, 197
What are the prime factors of 37447?
37447
List the prime factors of 22726.
2, 11, 1033
What are the prime factors of 193394?
2, 96697
What are the prime factors of 616?
2, 7, 11
List the prime factors of 803.
11, 73
List the prime factors of 4328.
2, 541
List the prime factors of 13071.
3, 4357
List the prime factors of 9522.
2, 3, 23
List the prime factors of 6171.
3, 11, 17
What are the prime factors of 177181?
163, 1087
What are the prime factors of 1065?
3, 5, 71
What are the prime factors of 1087?
1087
List the prime factors of 23812.
2, 5953
List the prime factors of 305.
5, 61
What are the prime factors of 104677?
104677
What are the prime factors of 3207?
3, 1069
What are the prime factors of 982?
2, 491
List the prime factors of 12790.
2, 5, 1279
What are the prime factors of 421?
421
List the prime factors of 6419.
7, 131
What are the prime factors of 924?
2, 3, 7, 11
List the prime factors of 15107.
15107
What are the prime factors of 58105?
5, 11621
List the prime factors of 55210.
2, 5, 5521
What are the prime factors of 1798?
2, 29, 31
What are the prime factors of 23?
23
List the prime factors of 2485.
5, 7, 71
List the prime factors of 64835.
5, 12967
What are the prime factors of 6179?
37, 167
What are the prime factors of 4615?
5, 13, 71
What are the prime factors of 14192?
2, 887
List the prime factors of 42381.
3, 17, 277
List the prime factors of 37063.
13, 2851
What are the prime factors of 3343?
3343
What are the prime factors of 21740?
2, 5, 1087
What are the prime factors of 869?
11, 79
What are the prime factors of 65913?
3, 127, 173
List the prime factors of 30322.
2, 15161
List the prime factors of 13538.
2, 7, 967
List the prime factors of 1488.
2, 3, 31
What are the prime factors of 295?
5, 59
List the prime factors of 5608.
2, 701
What are the prime factors of 78131?
23, 43, 79
List the prime factors of 1508.
2, 13, 29
List the prime factors of 8220.
2, 3, 5, 137
What are the prime factors of 26928?
2, 3, 11, 17
List the prime factors of 67266.
2, 3, 37, 101
What are the prime factors of 2395?
5, 479
List the prime factors of 40105.
5, 13, 617
List the prime factors of 607.
607
List the prime factors of 1428.
2, 3, 7, 17
List the prime factors of 1118.
2, 13, 43
What are the prime factors of 6648?
2, 3, 277
What are the prime factors of 61164?
2, 3, 1699
List the prime factors of 898.
2, 449
What are the prime factors of 8505?
3, 5, 7
List the prime factors of 55831.
31, 1801
What are the prime factors of 1347?
3, 449
What are the prime factors of 3220?
2, 5, 7, 23
List the prime factors of 1139.
17, 67
What are the prime factors of 1199?
11, 109
What are the prime factors of 54469?
54469
List the prime factors of 455.
5, 7, 13
List the prime factors of 64.
2
What are the prime factors of 144265?
5, 11, 43, 61
List the prime factors of 606.
2, 3, 101
What are the prime factors of 2745?
3, 5, 61
What are the prime factors of 44441?
19, 2339
What are the prime factors of 3641?
11, 331
List the prime factors of 2315.
5, 463
What are the prime factors of 2395?
5, 479
List the prime factors of 573.
3, 191
What are the prime factors of 537?
3, 179
List the prime factors of 1816.
2, 227
What are the prime factors of 1616?
2, 101
List the prime factors of 1821.
3, 607
List the prime factors of 1244.
2, 311
List the prime factors of 839.
839
List the prime factors of 6940.
2, 5, 347
List the prime factors of 1332.
2, 3, 37
List the prime factors of 29388.
2, 3, 31, 79
List the prime factors of 8643.
3, 43, 67
List the prime factors of 247.
13, 19
What are the prime factors of 3780?
2, 3, 5, 7
List the prime factors of 46103.
46103
What are the prime factors of 562?
2, 281
What are the prime factors of 837?
3, 31
What are the prime factors of 2670?
2, 3, 5, 89
List the prime factors of 81.
3
What are the prime factors of 7855?
5, 1571
List the prime factors of 5026.
2, 7, 359
What are the prime factors of 1385?
5, 277
What are the prime factors of 1903?
11, 173
What are the prime factors of 21248?
2, 83
List the prime factors of 2149.
7, 307
What are the prime factors of 9789?
3, 13, 251
What are the prime factors of 11213?
11213
What are the prime factors of 8123?
8123
What are the prime factors of 2470?
2, 5, 13, 19
What are the prime factors of 7126?
2, 7, 509
What are the prime factors of 11692?
2, 37, 79
What are the prime factors of 13677?
3, 47, 97
What are the prime factors of 10746?
2, 3, 199
List the prime factors of 952.
2, 7, 17
What are the prime factors of 19210?
2, 5, 17, 113
List the prime factors of 2941.
17, 173
List the prime factors of 29174.
2, 29, 503
What are the prime factors of 1235?
5, 13, 19
What are the prime factors of 22?
2, 11
List the prime factors of 19479.
3, 43, 151
What are the prime factors of 47?
47
List the prime factors of 2236.
2, 13, 43
List the prime factors of 3044.
2, 761
What are the prime factors of 135978?
2, 3, 131, 173
What are the prime factors of 13310?
2, 5, 11
What are the prime factors of 2586?
2, 3, 431
List the prime factors of 6525.
3, 5, 29
List the prime factors of 11789.
11789
What are the prime factors of 72738?
2, 3, 449
List the prime factors of 2142.
2, 3, 7, 17
What are the prime factors of 5210?
2, 5, 521
List the prime factors of 18360.
2, 3, 5, 17
What are the prime factors of 324?
2, 3
List the prime factors of 3131.
31, 101
List the prime factors of 10839.
3, 3613
What are the prime factors of 116?
2, 29
What are the prime factors of 23139?
3, 857
What are the prime factors of 1351?
7, 193
List the prime factors of 481.
13, 37
What are the prime factors of 3539?
3539
List the prime factors of 1865.
5, 373
What are the prime factors of 30747?
3, 37, 277
List the prime factors of 36796.
2, 9199
What are the prime factors of 16894?
2, 8447
What are the prime factors of 5630?
2, 5, 563
List the prime factors of 3857.
7, 19, 29
List the prime factors of 16803.
3, 1867
List the prime factors of 5906.
2, 2953
What are the prime factors of 18982?
2, 9491
List the prime factors of 1346.
2, 673
List the prime factors of 33735.
3, 5, 13, 173
List the prime factors of 8238.
2, 3, 1373
What are the prime factors of 24748?
2, 23, 269
List the prime factors of 2323.
23, 101
What are the prime factors of 942?
2, 3, 157
List the prime factors of 2133.
3, 79
What are the prime factors of 586?
2, 293
What are the prime factors of 15002?
2, 13, 577
List the prime factors of 4865.
5, 7, 139
What are the prime factors of 14270?
2, 5, 1427
What are the prime factors of 107363?
101, 1063
List the prime factors of 1667.
1667
List the prime factors of 60883.
107, 569
List the prime factors of 1736.
2, 7, 31
List the prime factors of 952.
2, 7, 17
List the prime factors of 1224.
2, 3, 17
What are the prime factors of 6378?
2, 3, 1063
What are the prime factors of 90699?
3, 7, 617
List the prime factors of 2566.
2, 1283
List the prime factors of 1502.
2, 751
What are the prime factors 